{"id":179,"date":"2022-01-11T10:32:21","date_gmt":"2022-01-11T09:32:21","guid":{"rendered":"https:\/\/md-performances.fr\/site\/?page_id=179"},"modified":"2022-01-14T09:44:42","modified_gmt":"2022-01-14T08:44:42","slug":"les-formations-certifiees-qualiopi","status":"publish","type":"page","link":"https:\/\/md-performances.fr\/site\/index.php\/les-formations-certifiees-qualiopi\/","title":{"rendered":"Prise de Parole en Public"},"content":{"rendered":"<p>[et_pb_section fb_built=&#8221;1&#8243; fullwidth=&#8221;on&#8221; _builder_version=&#8221;4.9.10&#8243; _module_preset=&#8221;default&#8221; background_color=&#8221;#0014d1&#8243;][et_pb_fullwidth_slider _builder_version=&#8221;4.9.10&#8243; _module_preset=&#8221;default&#8221;][et_pb_slide heading=&#8221;Prise de Parole en Public&#8221; _builder_version=&#8221;4.9.10&#8243; _module_preset=&#8221;default&#8221; background_color=&#8221;#0014d1&#8243; background_enable_color=&#8221;on&#8221; sticky_transition=&#8221;on&#8221;][\/et_pb_slide][\/et_pb_fullwidth_slider][\/et_pb_section][et_pb_section fb_built=&#8221;1&#8243; _builder_version=&#8221;4.9.10&#8243; _module_preset=&#8221;default&#8221;][et_pb_row _builder_version=&#8221;4.9.10&#8243; _module_preset=&#8221;default&#8221;][et_pb_column type=&#8221;4_4&#8243; _builder_version=&#8221;4.9.10&#8243; _module_preset=&#8221;default&#8221;][et_pb_text _builder_version=&#8221;4.9.10&#8243; _module_preset=&#8221;default&#8221; hover_enabled=&#8221;0&#8243; sticky_enabled=&#8221;0&#8243;]<\/p>\n<p><strong><span style=\"color: #0000ff;\">Taux de satisfaction 2020-2021 = 98%<\/span><\/strong><\/p>\n<p><strong><span style=\"color: #0000ff;\">Nombre de stagiaires 2020-2021 = 991<\/span><\/strong><\/p>\n<p><strong><span style=\"color: #0000ff;\">Tarif\u00a0: 500 \u20ac<\/span><\/strong><\/p>\n<p><span style=\"color: #000000;\"><strong>Programme :\u00a0<\/strong><\/span><\/p>\n<p><span style=\"font-weight: 400; color: #000000;\">Questionnaire de positionnement en d\u00e9but de formation<\/span><\/p>\n<p><span style=\"color: #000000;\"><strong>1\u00a0\/ &#8211; Le ph\u00e9nom\u00e8ne parole<\/strong><\/span><\/p>\n<ul>\n<li style=\"font-weight: 400;\" aria-level=\"1\"><span style=\"font-weight: 400; color: #000000;\">Accepter l\u2019\u00e9tat de ses sensations en situation de prise de parole en public pour mieux contr\u00f4ler les effets du stress.<\/span><\/li>\n<\/ul>\n<p><span style=\"color: #000000;\"><strong>2 \/ &#8211; Les lois de l\u2019action<\/strong><\/span><\/p>\n<ul>\n<li style=\"font-weight: 400;\" aria-level=\"1\"><span style=\"color: #000000;\"><span style=\"font-weight: 400;\">Utiliser le temps (silences<\/span><span style=\"font-weight: 400;\">) <\/span><span style=\"font-weight: 400;\">pour accro\u00eetre l\u2019\u00e9coute et la compr\u00e9hension du public.<\/span><\/span><\/li>\n<li style=\"font-weight: 400;\" aria-level=\"1\"><span style=\"font-weight: 400; color: #000000;\">R\u00e9fl\u00e9chir, dire l\u2019information et laisser le temps \u00e0 l\u2019auditoire de la m\u00e9moriser.<\/span><\/li>\n<li style=\"font-weight: 400;\" aria-level=\"1\"><span style=\"font-weight: 400; color: #000000;\">G\u00e9rer et adapter son \u00e9nergie pour dynamiser sa parole et captiver son auditoire.<\/span><\/li>\n<li style=\"font-weight: 400;\" aria-level=\"1\"><span style=\"font-weight: 400; color: #000000;\">Susciter l\u2019\u00e9coute des membres du public par l\u2019alternance de propos ralentis acc\u00e9l\u00e9r\u00e9s donc rythm\u00e9s.\u00a0<\/span><\/li>\n<li style=\"font-weight: 400;\" aria-level=\"1\"><span style=\"font-weight: 400; color: #000000;\">\u00c9duquer le contr\u00f4le de sa voix\u00a0: place, pause et intensit\u00e9.<\/span><\/li>\n<li style=\"font-weight: 400;\" aria-level=\"1\"><span style=\"font-weight: 400; color: #000000;\">L\u2019articulation est li\u00e9e \u00e0 la respiration et \u00e0 la puissance du souffle.<\/span><\/li>\n<li style=\"font-weight: 400;\" aria-level=\"1\"><span style=\"font-weight: 400; color: #000000;\">Structurer sa pens\u00e9e pour construire les unit\u00e9s de sens correcte afin de mieux ponctuer le discours.<\/span><\/li>\n<\/ul>\n<p><span style=\"color: #000000;\"><strong>3 \/ &#8211; Construction des messages<\/strong><\/span><\/p>\n<ul>\n<li style=\"font-weight: 400;\" aria-level=\"1\"><span style=\"font-weight: 400; color: #000000;\">Mise en \u00e9coute de l\u2019information\u00a0: quel est le message principal et quel est le message que le public doit retenir.<\/span><\/li>\n<\/ul>\n<ul>\n<li style=\"font-weight: 400;\" aria-level=\"1\"><span style=\"font-weight: 400; color: #000000;\">Savoir se fixer des objectifs d\u2019actions parl\u00e9es et se donner les moyens de les r\u00e9aliser.\u00a0<\/span><\/li>\n<\/ul>\n<p><span style=\"color: #000000;\"><strong>4 \/ &#8211; Prise de parole en public<\/strong><\/span><\/p>\n<ul>\n<li style=\"font-weight: 400;\" aria-level=\"1\"><span style=\"font-weight: 400; color: #000000;\">Parler et regarder\u00a0: s\u2019entra\u00eener \u00e0 m\u00e9moriser des parties du discours pour les offrir cordialement au public.\u00a0<\/span><\/li>\n<li style=\"font-weight: 400;\" aria-level=\"1\"><span style=\"font-weight: 400; color: #000000;\">Contr\u00f4ler sa communication non verbale\u00a0: le regard, la respiration, les postures, la gestuelle, les tensions musculaires et la voix.<\/span><\/li>\n<\/ul>\n<p><span style=\"color: #000000;\"><strong>5 \/ &#8211; Parler et se d\u00e9placer<\/strong><\/span><\/p>\n<ul>\n<li style=\"font-weight: 400;\" aria-level=\"1\"><span style=\"font-weight: 400; color: #000000;\">La marche et la parole tout le corps concern\u00e9 centr\u00e9 sur les accents toniques.<\/span><\/li>\n<\/ul>\n<ul>\n<li style=\"font-weight: 400;\" aria-level=\"1\"><span style=\"font-weight: 400; color: #000000;\">Les d\u00e9placements et l\u2019efficacit\u00e9 dynamique.<\/span><\/li>\n<\/ul>\n<p><span style=\"color: #000000;\"><strong>6 \/ &#8211; La sensation de son savoir-faire relationnel pour s\u2019adapter<\/strong><\/span><\/p>\n<ul>\n<li style=\"font-weight: 400;\" aria-level=\"1\"><span style=\"font-weight: 400; color: #000000;\">Les diff\u00e9rentes phases de la mise en relation.\u00a0<\/span><\/li>\n<li style=\"font-weight: 400;\" aria-level=\"1\"><span style=\"font-weight: 400; color: #000000;\">Acqu\u00e9rir une nouvelle fa\u00e7on d\u2019observer, d\u2019\u00e9couter, d\u2019agir en r\u00e9f\u00e9rence au Th\u00e9\u00e2tre Italien\u00a0: la Commedia Dell\u2019Arte.<\/span><\/li>\n<li style=\"font-weight: 400;\" aria-level=\"1\"><span style=\"font-weight: 400; color: #000000;\">Prendre conscience de ses propres modes de fonctionnement relationnel et de leur impact en situation professionnelle courante de prise de parole en public.<\/span><\/li>\n<li style=\"font-weight: 400;\" aria-level=\"1\"><span style=\"font-weight: 400; color: #000000;\">Accepter ses qualit\u00e9s relationnelles personnelles pour mieux comprendre et conduire ses \u00e9nergies en situation de stress.<\/span><\/li>\n<\/ul>\n<p><span style=\"color: #000000;\"><strong>7 \/ &#8211; Mises en situations de pr\u00e9sentations orales professionnelles<\/strong><\/span><\/p>\n<ul>\n<li><span style=\"color: #000000;\">Exercices pr\u00e9par\u00e9s<\/span><\/li>\n<li><span style=\"color: #000000;\">Improvisations<\/span><\/li>\n<\/ul>\n<p><span style=\"color: #000000;\"><strong>8 \/ &#8211; Test final<\/strong><\/span><\/p>\n<ul>\n<li style=\"font-weight: 400;\" aria-level=\"1\"><span style=\"font-weight: 400; color: #000000;\">Questionnaire de positionnement en fin de formation<\/span><\/li>\n<li style=\"font-weight: 400;\" aria-level=\"1\"><span style=\"font-weight: 400; color: #000000;\">Test MD Performances<\/span><\/li>\n<li style=\"font-weight: 400;\" aria-level=\"1\"><span style=\"font-weight: 400; color: #000000;\">D\u00e9briefing<\/span><\/li>\n<li style=\"font-weight: 400;\" aria-level=\"1\"><span style=\"font-weight: 400; color: #000000;\">Chaque stagiaire propose des engagements de progr\u00e8s.\u00a0<\/span><\/li>\n<\/ul>\n<p>[\/et_pb_text][\/et_pb_column][\/et_pb_row][et_pb_row _builder_version=&#8221;4.9.10&#8243; _module_preset=&#8221;default&#8221;][et_pb_column type=&#8221;4_4&#8243; _builder_version=&#8221;4.9.10&#8243; _module_preset=&#8221;default&#8221;][et_pb_text _builder_version=&#8221;4.9.10&#8243; _module_preset=&#8221;default&#8221; hover_enabled=&#8221;0&#8243; sticky_enabled=&#8221;0&#8243;]<\/p>\n<h2>Pr\u00e9requis<\/h2>\n<p>Aucun pr\u00e9requis n&#8217;est n\u00e9cessaire.<\/p>\n<h2 style=\"text-align: justify;\">Objectifs<\/h2>\n<p style=\"text-align: justify;\">&#8211; S&#8217;entra\u00eener et se pr\u00e9parer pour pr\u00e9senter ses prestations orale de fa\u00e7on d\u00e9tendue, dynamique et enthousiaste<\/p>\n<p style=\"text-align: justify;\">&#8211; Utiliser consciemment les fondamentaux de la communication orale.<\/p>\n<p style=\"text-align: justify;\">&#8211; Pr\u00e9senter un expos\u00e9, une soutenance, un texte ou un diaporama devant un public.<\/p>\n<p style=\"text-align: justify;\">&#8211; D\u00e9velopper sa communication non verbale.<\/p>\n<p style=\"text-align: justify;\">&#8211; Pr\u00e9senter avec aisance un expos\u00e9 oral.<\/p>\n<p style=\"text-align: justify;\">&#8211; D\u00e9velopper son charisme.<\/p>\n<h2>Modalit\u00e9s et d\u00e9lais d&#8217;acc\u00e8s<\/h2>\n<p>Dates et horaires individualis\u00e9es. La formation se d\u00e9roule en pr\u00e9sentiel ou en visio-conf\u00e9rence.<\/p>\n<p>L&#8217;inscription se fera sur prise de contact par t\u00e9l\u00e9phone ou par mail dans un delais compris de 2 mois.<\/p>\n<h2>Contact et coordonn\u00e9es r\u00e9f\u00e9rents<\/h2>\n<p>Contact p\u00e9dagogique : Marc DUMAS<\/p>\n<p>T\u00e9l\u00e9phone : 06 83 24 89 40<\/p>\n<p>Mail professionnel : <a href=\"mailto:md.performances@free\">md.performances@free.fr\u00a0 <\/a><\/p>\n<p>Mail personnel : <a href=\"mailto:marco34.dum@gmail.com\">marco34.dum@gmail.com<\/a><\/p>\n<h2>M\u00e9thode et modalit\u00e9 d&#8217;\u00e9valuation.<\/h2>\n<p>&#8211; Questionnaire de positionnement en d\u00e9but de formation.<\/p>\n<p>&#8211; Test MD PERFORMANCES<\/p>\n<p>&#8211; Mise en situation de pr\u00e9sentations orales professionnelles \u00e9valu\u00e9es.<\/p>\n<p>&#8211; Questionnaire de positionnement en fin de formation.<\/p>\n<p>&#8211; Questionnaire d&#8217;\u00e9valuation \u00e0 froid.<\/p>\n<h2>Acc\u00e8ssibilit\u00e9 aux personnes handicap\u00e9es.<\/h2>\n<p>Oui. Voir avec Marc Dumas.<\/p>\n<p>Le formateur reste \u00e0 disposition des questions du stagiaire avec son mail de contact, tout au long de la formation<\/p>\n<h2>M\u00e9thodes et modalit\u00e9s de r\u00e9alisation. Quels sont les moyens mis en \u0153uvre (mat\u00e9riel, technologies et supports utilis\u00e9s\u2026) ?<\/h2>\n<p>Vid\u00e9o projecteur, tableaux, acc\u00e8s internet.<\/p>\n<p>Exercices \u00e0 partir de textes \u00e9crits, projet\u00e9s et improvisations.<\/p>\n<p>Dur\u00e9e : 14 heures ou plus (\u00e0 d\u00e9finir).<\/p>\n<p>[\/et_pb_text][\/et_pb_column][\/et_pb_row][\/et_pb_section]<\/p>\n","protected":false},"excerpt":{"rendered":"<p>Prise de Parole en Public Taux de satisfaction 2020-2021 = 98% Nombre de stagiaires 2020-2021 = 991 Tarif\u00a0: 500 \u20ac Programme :\u00a0 Questionnaire de positionnement en d\u00e9but de formation 1\u00a0\/ &#8211; Le ph\u00e9nom\u00e8ne parole Accepter l\u2019\u00e9tat de ses sensations en situation de prise de parole en public pour mieux contr\u00f4ler les effets du stress. 2 [&hellip;]<\/p>\n","protected":false},"author":1,"featured_media":0,"parent":0,"menu_order":0,"comment_status":"closed","ping_status":"closed","template":"","meta":{"_et_pb_use_builder":"on","_et_pb_old_content":"","_et_gb_content_width":""},"_links":{"self":[{"href":"https:\/\/md-performances.fr\/site\/index.php\/wp-json\/wp\/v2\/pages\/179"}],"collection":[{"href":"https:\/\/md-performances.fr\/site\/index.php\/wp-json\/wp\/v2\/pages"}],"about":[{"href":"https:\/\/md-performances.fr\/site\/index.php\/wp-json\/wp\/v2\/types\/page"}],"author":[{"embeddable":true,"href":"https:\/\/md-performances.fr\/site\/index.php\/wp-json\/wp\/v2\/users\/1"}],"replies":[{"embeddable":true,"href":"https:\/\/md-performances.fr\/site\/index.php\/wp-json\/wp\/v2\/comments?post=179"}],"version-history":[{"count":8,"href":"https:\/\/md-performances.fr\/site\/index.php\/wp-json\/wp\/v2\/pages\/179\/revisions"}],"predecessor-version":[{"id":233,"href":"https:\/\/md-performances.fr\/site\/index.php\/wp-json\/wp\/v2\/pages\/179\/revisions\/233"}],"wp:attachment":[{"href":"https:\/\/md-performances.fr\/site\/index.php\/wp-json\/wp\/v2\/media?parent=179"}],"curies":[{"name":"wp","href":"https:\/\/api.w.org\/{rel}","templated":true}]}}

<p>[et_pb_section fb_built=&#8221;1&#8243; fullwidth=&#8221;on&#8221; _builder_version=&#8221;4.9.10&#8243; _module_preset=&#8221;default&#8221; background_color=&#8221;#0014d1&#8243;][et_pb_fullwidth_slider _builder_version=&#8221;4.9.10&#8243; _module_preset=&#8221;default&#8221;][et_pb_slide heading=&#8221;Prise de Parole en Public&#8221; _builder_version=&#8221;4.9.10&#8243; _module_preset=&#8221;default&#8221; background_color=&#8221;#0014d1&#8243; background_enable_color=&#8221;on&#8221; sticky_transition=&#8221;on&#8221;][/et_pb_slide][/et_pb_fullwidth_slider][/et_pb_section][et_pb_section fb_built=&#8221;1&#8243; _builder_version=&#8221;4.9.10&#8243; _module_preset=&#8221;default&#8221;][et_pb_row _builder_version=&#8221;4.9.10&#8243; _module_preset=&#8221;default&#8221;][et_pb_column type=&#8221;4_4&#8243; _builder_version=&#8221;4.9.10&#8243; _module_preset=&#8221;default&#8221;][et_pb_text _builder_version=&#8221;4.9.10&#8243; _module_preset=&#8221;default&#8221; hover_enabled=&#8221;0&#8243; sticky_enabled=&#8221;0&#8243;]</p>
<p><strong><span style="color: #0000ff;">Taux de satisfaction 2020-2021 = 98%</span></strong></p>
<p><strong><span style="color: #0000ff;">Nombre de stagiaires 2020-2021 = 991</span></strong></p>
<p><strong><span style="color: #0000ff;">Tarif : 500 €</span></strong></p>
<p><span style="color: #000000;"><strong>Programme : </strong></span></p>
<p><span style="font-weight: 400; color: #000000;">Questionnaire de positionnement en début de formation</span></p>
<p><span style="color: #000000;"><strong>1 / &#8211; Le phénomène parole</strong></span></p>
<ul>
<li style="font-weight: 400;" aria-level="1"><span style="font-weight: 400; color: #000000;">Accepter l’état de ses sensations en situation de prise de parole en public pour mieux contrôler les effets du stress.</span></li>
</ul>
<p><span style="color: #000000;"><strong>2 / &#8211; Les lois de l’action</strong></span></p>
<ul>
<li style="font-weight: 400;" aria-level="1"><span style="color: #000000;"><span style="font-weight: 400;">Utiliser le temps (silences</span><span style="font-weight: 400;">) </span><span style="font-weight: 400;">pour accroître l’écoute et la compréhension du public.</span></span></li>
<li style="font-weight: 400;" aria-level="1"><span style="font-weight: 400; color: #000000;">Réfléchir, dire l’information et laisser le temps à l’auditoire de la mémoriser.</span></li>
<li style="font-weight: 400;" aria-level="1"><span style="font-weight: 400; color: #000000;">Gérer et adapter son énergie pour dynamiser sa parole et captiver son auditoire.</span></li>
<li style="font-weight: 400;" aria-level="1"><span style="font-weight: 400; color: #000000;">Susciter l’écoute des membres du public par l’alternance de propos ralentis accélérés donc rythmés. </span></li>
<li style="font-weight: 400;" aria-level="1"><span style="font-weight: 400; color: #000000;">Éduquer le contrôle de sa voix : place, pause et intensité.</span></li>
<li style="font-weight: 400;" aria-level="1"><span style="font-weight: 400; color: #000000;">L’articulation est liée à la respiration et à la puissance du souffle.</span></li>
<li style="font-weight: 400;" aria-level="1"><span style="font-weight: 400; color: #000000;">Structurer sa pensée pour construire les unités de sens correcte afin de mieux ponctuer le discours.</span></li>
</ul>
<p><span style="color: #000000;"><strong>3 / &#8211; Construction des messages</strong></span></p>
<ul>
<li style="font-weight: 400;" aria-level="1"><span style="font-weight: 400; color: #000000;">Mise en écoute de l’information : quel est le message principal et quel est le message que le public doit retenir.</span></li>
</ul>
<ul>
<li style="font-weight: 400;" aria-level="1"><span style="font-weight: 400; color: #000000;">Savoir se fixer des objectifs d’actions parlées et se donner les moyens de les réaliser. </span></li>
</ul>
<p><span style="color: #000000;"><strong>4 / &#8211; Prise de parole en public</strong></span></p>
<ul>
<li style="font-weight: 400;" aria-level="1"><span style="font-weight: 400; color: #000000;">Parler et regarder : s’entraîner à mémoriser des parties du discours pour les offrir cordialement au public. </span></li>
<li style="font-weight: 400;" aria-level="1"><span style="font-weight: 400; color: #000000;">Contrôler sa communication non verbale : le regard, la respiration, les postures, la gestuelle, les tensions musculaires et la voix.</span></li>
</ul>
<p><span style="color: #000000;"><strong>5 / &#8211; Parler et se déplacer</strong></span></p>
<ul>
<li style="font-weight: 400;" aria-level="1"><span style="font-weight: 400; color: #000000;">La marche et la parole tout le corps concerné centré sur les accents toniques.</span></li>
</ul>
<ul>
<li style="font-weight: 400;" aria-level="1"><span style="font-weight: 400; color: #000000;">Les déplacements et l’efficacité dynamique.</span></li>
</ul>
<p><span style="color: #000000;"><strong>6 / &#8211; La sensation de son savoir-faire relationnel pour s’adapter</strong></span></p>
<ul>
<li style="font-weight: 400;" aria-level="1"><span style="font-weight: 400; color: #000000;">Les différentes phases de la mise en relation. </span></li>
<li style="font-weight: 400;" aria-level="1"><span style="font-weight: 400; color: #000000;">Acquérir une nouvelle façon d’observer, d’écouter, d’agir en référence au Théâtre Italien : la Commedia Dell’Arte.</span></li>
<li style="font-weight: 400;" aria-level="1"><span style="font-weight: 400; color: #000000;">Prendre conscience de ses propres modes de fonctionnement relationnel et de leur impact en situation professionnelle courante de prise de parole en public.</span></li>
<li style="font-weight: 400;" aria-level="1"><span style="font-weight: 400; color: #000000;">Accepter ses qualités relationnelles personnelles pour mieux comprendre et conduire ses énergies en situation de stress.</span></li>
</ul>
<p><span style="color: #000000;"><strong>7 / &#8211; Mises en situations de présentations orales professionnelles</strong></span></p>
<ul>
<li><span style="color: #000000;">Exercices préparés</span></li>
<li><span style="color: #000000;">Improvisations</span></li>
</ul>
<p><span style="color: #000000;"><strong>8 / &#8211; Test final</strong></span></p>
<ul>
<li style="font-weight: 400;" aria-level="1"><span style="font-weight: 400; color: #000000;">Questionnaire de positionnement en fin de formation</span></li>
<li style="font-weight: 400;" aria-level="1"><span style="font-weight: 400; color: #000000;">Test MD Performances</span></li>
<li style="font-weight: 400;" aria-level="1"><span style="font-weight: 400; color: #000000;">Débriefing</span></li>
<li style="font-weight: 400;" aria-level="1"><span style="font-weight: 400; color: #000000;">Chaque stagiaire propose des engagements de progrès. </span></li>
</ul>
<p>[/et_pb_text][/et_pb_column][/et_pb_row][et_pb_row _builder_version=&#8221;4.9.10&#8243; _module_preset=&#8221;default&#8221;][et_pb_column type=&#8221;4_4&#8243; _builder_version=&#8221;4.9.10&#8243; _module_preset=&#8221;default&#8221;][et_pb_text _builder_version=&#8221;4.9.10&#8243; _module_preset=&#8221;default&#8221; hover_enabled=&#8221;0&#8243; sticky_enabled=&#8221;0&#8243;]</p>
<h2>Prérequis</h2>
<p>Aucun prérequis n&#8217;est nécessaire.</p>
<h2 style="text-align: justify;">Objectifs</h2>
<p style="text-align: justify;">&#8211; S&#8217;entraîner et se préparer pour présenter ses prestations orale de façon détendue, dynamique et enthousiaste</p>
<p style="text-align: justify;">&#8211; Utiliser consciemment les fondamentaux de la communication orale.</p>
<p style="text-align: justify;">&#8211; Présenter un exposé, une soutenance, un texte ou un diaporama devant un public.</p>
<p style="text-align: justify;">&#8211; Développer sa communication non verbale.</p>
<p style="text-align: justify;">&#8211; Présenter avec aisance un exposé oral.</p>
<p style="text-align: justify;">&#8211; Développer son charisme.</p>
<h2>Modalités et délais d&#8217;accès</h2>
<p>Dates et horaires individualisées. La formation se déroule en présentiel ou en visio-conférence.</p>
<p>L&#8217;inscription se fera sur prise de contact par téléphone ou par mail dans un delais compris de 2 mois.</p>
<h2>Contact et coordonnées référents</h2>
<p>Contact pédagogique : Marc DUMAS</p>
<p>Téléphone : 06 83 24 89 40</p>
<p>Mail professionnel : <a href="mailto:md.performances@free">md.performances@free.fr  </a></p>
<p>Mail personnel : <a href="mailto:marco34.dum@gmail.com">marco34.dum@gmail.com</a></p>
<h2>Méthode et modalité d&#8217;évaluation.</h2>
<p>&#8211; Questionnaire de positionnement en début de formation.</p>
<p>&#8211; Test MD PERFORMANCES</p>
<p>&#8211; Mise en situation de présentations orales professionnelles évaluées.</p>
<p>&#8211; Questionnaire de positionnement en fin de formation.</p>
<p>&#8211; Questionnaire d&#8217;évaluation à froid.</p>
<h2>Accèssibilité aux personnes handicapées.</h2>
<p>Oui. Voir avec Marc Dumas.</p>
<p>Le formateur reste à disposition des questions du stagiaire avec son mail de contact, tout au long de la formation</p>
<h2>Méthodes et modalités de réalisation. Quels sont les moyens mis en œuvre (matériel, technologies et supports utilisés…) ?</h2>
<p>Vidéo projecteur, tableaux, accès internet.</p>
<p>Exercices à partir de textes écrits, projetés et improvisations.</p>
<p>Durée : 14 heures ou plus (à définir).</p>
<p>[/et_pb_text][/et_pb_column][/et_pb_row][/et_pb_section]</p>

<p>Prise de Parole en Public Taux de satisfaction 2020-2021 = 98% Nombre de stagiaires 2020-2021 = 991 Tarif : 500 € Programme :  Questionnaire de positionnement en début de formation 1 / &#8211; Le phénomène parole Accepter l’état de ses sensations en situation de prise de parole en public pour mieux contrôler les effets du stress. 2 [&hellip;]</p>
